alculate the greatest common divisor of 24 and 5592.
24
Calculate the highest common factor of 81 and 351.
27
Calculate the greatest common divisor of 33 and 2607.
33
Calculate the greatest common factor of 12250 and 392.
98
What is the highest common factor of 974 and 2?
2
Calculate the greatest common factor of 16 and 44.
4
Calculate the highest common divisor of 260 and 884.
52
Calculate the greatest common factor of 4 and 568.
4
Calculate the greatest common factor of 335 and 30.
5
What is the greatest common divisor of 42944 and 88?
88
What is the highest common factor of 864 and 19296?
288
Calculate the highest common divisor of 1168 and 219.
73
What is the greatest common divisor of 70 and 40?
10
Calculate the greatest common factor of 5307 and 174.
87
What is the highest common factor of 2200 and 75?
25
Calculate the highest common factor of 14 and 602.
14
Calculate the highest common divisor of 1330 and 245.
35
Calculate the greatest common factor of 342 and 144.
18
What is the highest common divisor of 15796 and 220?
44
Calculate the greatest common divisor of 23485 and 1830.
305
Calculate the greatest common factor of 2337 and 1353.
123
Calculate the greatest common factor of 54 and 675.
27
What is the highest common divisor of 5239 and 507?
169
What is the greatest common divisor of 1253 and 4475?
179
What is the greatest common factor of 468 and 168?
12
What is the highest common factor of 217 and 28?
7
Calculate the greatest common divisor of 539 and 121.
11
What is the greatest common factor of 105 and 1295?
35
What is the highest common divisor of 364 and 143?
13
What is the greatest common factor of 24 and 924?
12
Calculate the highest common divisor of 185 and 285.
5
Calculate the highest common factor of 36 and 117.
9
Calculate the highest common divisor of 44 and 32.
4
Calculate the greatest common factor of 227 and 1.
1
What is the greatest common factor of 41 and 10496?
41
Calculate the greatest common divisor of 65 and 26.
13
Calculate the greatest common factor of 448 and 1472.
64
What is the highest common factor of 4864 and 266?
38
Calculate the greatest common divisor of 16 and 7952.
16
What is the highest common divisor of 904 and 8?
8
Calculate the greatest common factor of 279 and 46035.
279
What is the greatest common divisor of 104 and 48?
8
Calculate the highest common divisor of 51 and 27.
3
What is the greatest common divisor of 22 and 1166?
22
Calculate the greatest common factor of 2088 and 754.
58
Calculate the highest common factor of 216 and 32.
8
Calculate the highest common divisor of 12 and 1724.
4
What is the highest common divisor of 24 and 744?
24
What is the greatest common factor of 6 and 102?
6
Calculate the greatest common divisor of 60 and 68.
4
What is the greatest common divisor of 51 and 38556?
51
Calculate the highest common factor of 2139 and 69.
69
What is the highest common divisor of 42486 and 73?
73
What is the greatest common factor of 18 and 3582?
18
What is the highest common divisor of 208 and 1328?
16
Calculate the greatest common divisor of 192 and 4000.
32
What is the greatest common divisor of 78 and 832?
26
Calculate the highest common divisor of 15 and 5.
5
What is the highest common factor of 99 and 792?
99
What is the highest common divisor of 12 and 618?
6
Calculate the greatest common divisor of 19 and 380.
19
Calculate the highest common factor of 42 and 98.
14
Calculate the highest common divisor of 2296 and 112.
56
What is the highest common factor of 864 and 608?
32
Calculate the highest common factor of 252 and 450.
18
Calculate the greatest common factor of 470 and 10.
10
Calculate the greatest common divisor of 704 and 320.
64
What is the highest common divisor of 62 and 31?
31
What is the highest common divisor of 166 and 27971?
83
What is the highest common divisor of 1880 and 1080?
40
Calculate the highest common factor of 30 and 42.
6
What is the highest common factor of 431 and 2?
1
Calculate the greatest common factor of 38 and 513.
19
Calculate the highest common divisor of 899 and 29.
29
Calculate the greatest common factor of 1 and 41.
1
Calculate the greatest common factor of 210 and 50.
10
What is the greatest common factor of 122 and 3721?
61
What is the highest common factor of 486 and 216?
54
What is the highest common divisor of 387 and 172?
43
Calculate the highest common factor of 272 and 1836.
68
What is the greatest common factor of 369 and 164?
41
What is the highest common divisor of 147 and 11221?
49
Calculate the greatest common factor of 180 and 5260.
20
What is the highest common factor of 24 and 708?
12
What is the greatest common factor of 1749 and 477?
159
Calculate the greatest common factor of 170 and 2125.
85
Calculate the highest common divisor of 882 and 1078.
98
What is the highest common factor of 6 and 242?
2
What is the highest common factor of 10549 and 847?
77
What is the highest common factor of 1426 and 92?
46
Calculate the greatest common factor of 9 and 219.
3
Calculate the highest common divisor of 131 and 5895.
131
What is the highest common factor of 30877 and 77?
77
What is the greatest common factor of 48 and 444?
12
What is the highest common factor of 339 and 3842?
113
What is the greatest common factor of 78 and 8346?
78
Calculate the greatest common factor of 782 and 102.
34
What is the greatest common factor of 1065 and 15?
15
What is the greatest common divisor of 15972 and 12?
12
What is the highest common divisor of 11148 and 12?
12
Calculate the highest common divisor of 644 and 84.
28
What is the greatest common divisor of 55 and 2354?
11
What is the greatest common divisor of 2064 and 903?
129
What is the greatest common factor of 646 and 68?
34
What is the highest common divisor of 1012 and 44?
44
What is the highest common factor of 81 and 186?
3
Calculate the greatest common factor of 540 and 648.
108
Calculate the greatest common factor of 68 and 19244.
68
What is the greatest common factor of 21 and 140?
7
What is the highest common factor of 3003 and 52?
13
Calculate the greatest common factor of 14 and 12.
2
Calculate the greatest common divisor of 228 and 779.
19
Calculate the highest common factor of 73 and 5913.
73
Calculate the greatest common factor of 3825 and 300.
75
Calculate the highest common factor of 352 and 22.
22
What is the greatest common factor of 110 and 70?
10
Calculate the highest common divisor of 5 and 205.
5
What is the greatest common factor of 68 and 102?
34
What is the greatest common factor of 30 and 10002?
6
What is the greatest common factor of 43 and 2881?
43
What is the highest common divisor of 3800 and 456?
152
Calculate the highest common factor of 4 and 76.
4
Calculate the greatest common divisor of 276 and 120.
12
What is the greatest common divisor of 75 and 3?
3
What is the highest common factor of 63 and 84?
21
What is the highest common divisor of 504 and 3339?
63
Calculate the greatest common factor of 4913 and 68.
17
Calculate the highest common divisor of 2156 and 8.
4
What is the highest common divisor of 10 and 1555?
5
What is the highest common factor of 15 and 2685?
15
Calculate the highest common divisor of 11609 and 13.
13
What is the greatest common divisor of 978 and 4?
2
What is the highest common divisor of 57 and 646?
19
What is the highest common factor of 390 and 2886?
78
Calculate the greatest common factor of 8530 and 10.
10
What is the highest common divisor of 782 and 2278?
34
Calculate the highest common divisor of 1518 and 66.
66
Calculate the highest common factor of 692 and 7439.
173
Calculate the highest common factor of 3 and 623.
1
What is the greatest common divisor of 36 and 276?
12
Calculate the greatest common divisor of 20 and 8.
4
Calculate the highest common factor of 111165 and 15.
15
Calculate the greatest common factor of 510 and 660.
30
What is the highest common divisor of 1705 and 310?
155
Calculate the highest common divisor of 20 and 70.
10
Calculate the greatest common factor of 62 and 9734.
62
Calculate the greatest common divisor of 166 and 332.
166
What is the highest common divisor of 470 and 188?
94
What is the highest common divisor of 120 and 12?
12
What is the highest common factor of 830 and 10?
10
Calcu